{"id":6304,"date":"2022-06-24T10:40:30","date_gmt":"2022-06-24T09:40:30","guid":{"rendered":"https:\/\/www.espacemultimediagantner.cg90.net\/?post_type=publication&#038;p=6304"},"modified":"2026-04-02T09:55:43","modified_gmt":"2026-04-02T08:55:43","slug":"radio-alice-radio-libre-du-collectif-a-traverso","status":"publish","type":"publication","link":"https:\/\/www.espacemultimediagantner.cg90.net\/fr\/publication\/radio-alice-radio-libre-du-collectif-a-traverso\/","title":{"rendered":"Radio Alice &#8211; Radio Libre du Collectif A Traverso"},"content":{"rendered":"<p><a href=\"https:\/\/mediatheque90.portail.territoiredebelfort.fr\/mdtb\/opac_css\/index.php?lvl=notice_display&amp;id=122195\">Radio Alice &#8211; Radio Libre du Collectif A Traverso<\/a><\/p>\n<p>Radio Alice est devenue, avec les \u00e9v\u00e9nements de mars 1977, le symbole m\u00eame des radios libres et de la r\u00e9volte des jeunes. Cette radio est entr\u00e9e en action dans une ville qui est consid\u00e9r\u00e9e comme un des piliers \u00e9conomiques et id\u00e9ologiques du compromis historique: Bologne. Cette ville est \u00a0\u00bbun des centres industriels les plus bourr\u00e9s de contradictions du Nord de l&rsquo;Italie. Le public de Radio Alice est compos\u00e9 d&rsquo;\u00e9tudiants et de ch\u00f4meurs intellectuels. Radio Alice qui se d\u00e9finit ainsi : \u00a0\u00bbRadio Alice retransmet de la musique, des nouvelles, des jardins fleuris, du verbiage, des inventions, des d\u00e9couvertes, des recettes, des horoscopes, des philtres magiques, des amours, des bulletins de guerre, des photographies, des messages, des massages, des mensonges &#8230; Radio Alice est un poste o\u00f9 les lapins portent des gilets et o\u00f9 les speakers vont au trot\u00a0\u00bb, a \u00e9t\u00e9 ferm\u00e9e deux fois par la police et bon nombre de ses r\u00e9dacteurs ont pass\u00e9 plus d&rsquo;un mois en prison pour association subversive.<\/p>\n<p>&nbsp;<\/p>\n<h6>N&rsquo;ayant pas r\u00e9ussi \u00e0 contacter les ayant-droit de cette publication, nous vous remercions de nous \u00e9crire \u00e0 lespace@territoiredebelfort.fr pour toute information ou requ\u00eate au sujet de cette mise en ligne d\u00e9mat\u00e9rialis\u00e9e.<\/h6>\n<p>&nbsp;<\/p>\n","protected":false},"featured_media":6300,"template":"","taxo-publication":[],"class_list":["post-6304","publication","type-publication","status-publish","has-post-thumbnail","hentry"],"_links":{"self":[{"href":"https:\/\/www.espacemultimediagantner.cg90.net\/fr\/wp-json\/wp\/v2\/publication\/6304","targetHints":{"allow":["GET"]}}],"collection":[{"href":"https:\/\/www.espacemultimediagantner.cg90.net\/fr\/wp-json\/wp\/v2\/publication"}],"about":[{"href":"https:\/\/www.espacemultimediagantner.cg90.net\/fr\/wp-json\/wp\/v2\/types\/publication"}],"wp:featuredmedia":[{"embeddable":true,"href":"https:\/\/www.espacemultimediagantner.cg90.net\/fr\/wp-json\/wp\/v2\/media\/6300"}],"wp:attachment":[{"href":"https:\/\/www.espacemultimediagantner.cg90.net\/fr\/wp-json\/wp\/v2\/media?parent=6304"}],"wp:term":[{"taxonomy":"taxo-publication","embeddable":true,"href":"https:\/\/www.espacemultimediagantner.cg90.net\/fr\/wp-json\/wp\/v2\/taxo-publication?post=6304"}],"curies":[{"name":"wp","href":"https:\/\/api.w.org\/{rel}","templated":true}]}}

<p><a href="https://mediatheque90.portail.territoiredebelfort.fr/mdtb/opac_css/index.php?lvl=notice_display&amp;id=122195">Radio Alice &#8211; Radio Libre du Collectif A Traverso</a></p>
<p>Radio Alice est devenue, avec les événements de mars 1977, le symbole même des radios libres et de la révolte des jeunes. Cette radio est entrée en action dans une ville qui est considérée comme un des piliers économiques et idéologiques du compromis historique: Bologne. Cette ville est  »un des centres industriels les plus bourrés de contradictions du Nord de l&rsquo;Italie. Le public de Radio Alice est composé d&rsquo;étudiants et de chômeurs intellectuels. Radio Alice qui se définit ainsi :  »Radio Alice retransmet de la musique, des nouvelles, des jardins fleuris, du verbiage, des inventions, des découvertes, des recettes, des horoscopes, des philtres magiques, des amours, des bulletins de guerre, des photographies, des messages, des massages, des mensonges &#8230; Radio Alice est un poste où les lapins portent des gilets et où les speakers vont au trot », a été fermée deux fois par la police et bon nombre de ses rédacteurs ont passé plus d&rsquo;un mois en prison pour association subversive.</p>
<p>&nbsp;</p>
<h6>N&rsquo;ayant pas réussi à contacter les ayant-droit de cette publication, nous vous remercions de nous écrire à lespace@territoiredebelfort.fr pour toute information ou requête au sujet de cette mise en ligne dématérialisée.</h6>
<p>&nbsp;</p>
