{"id":5935,"date":"2021-06-08T14:54:04","date_gmt":"2021-06-08T13:54:04","guid":{"rendered":"https:\/\/www.espacemultimediagantner.cg90.net\/?post_type=publication&#038;p=5935"},"modified":"2026-04-02T09:54:33","modified_gmt":"2026-04-02T08:54:33","slug":"mcd-77-la-politique-de-lart","status":"publish","type":"publication","link":"https:\/\/www.espacemultimediagantner.cg90.net\/fr\/publication\/mcd-77-la-politique-de-lart\/","title":{"rendered":"MCD #77 : La politique de l&rsquo;art"},"content":{"rendered":"<p><span dir=\"ltr\">LA POLITIQUE DE L&rsquo;ART<\/span><\/p>\n<p><span dir=\"ltr\">Puisqu&rsquo;il para\u00eet que la politique est un art, int\u00e9ressons-nous \u00e0 la politique de l&rsquo;art. Ou plut\u00f4t <\/span><span dir=\"ltr\">aux rapports troubles entre l&rsquo;art et <\/span><span dir=\"ltr\">la <\/span><span dir=\"ltr\">politique, <\/span><span dir=\"ltr\">l<\/span><span dir=\"ltr\">e politique, <\/span><span dir=\"ltr\">les <\/span><span dir=\"ltr\">politiques&#8230; En d&rsquo;autres termes,<\/span><span dir=\"ltr\">aux intentions et implications des artistes dans le champ social. Une implication qui se fait <\/span><span dir=\"ltr\">parfois au plus pr\u00e8s de la vie quotidienne, avec une abn\u00e9gation d&rsquo;\u00e9tabli, ou au contraire, en se <\/span><span dir=\"ltr\">situant au-del\u00e0 des radars, dans les limbes de r\u00e9flexions abstraites ; ou bien encore en maniant <\/span><span dir=\"ltr\">protestation symbolique et d\u00e9tournement ludique, en combinant des exp\u00e9riences esth\u00e9tiques <\/span><span dir=\"ltr\">\u00e0 des logiques technologiques, en m\u00ealant histoire personnelle et collective&#8230;<\/span><span dir=\"ltr\">En ce d\u00e9but de si\u00e8cle num\u00e9rique, o\u00f9 les seules id\u00e9ologies qui perdurent sont mortif\u00e8res, comment <\/span><span dir=\"ltr\">ne pas re-poser le questionnement sur l&rsquo;art engag\u00e9. Difficile cependant de ne pas mesurer cette <\/span><span dir=\"ltr\">interrogation \u00e0 l&rsquo;aune des flamboyantes ann\u00e9es 70s porteuses d&rsquo;un militantisme \u00e9chevel\u00e9 <\/span><span dir=\"ltr\">o\u00f9 tout semblait encore possible, puis aux ann\u00e9es 80s, fossoyeuses des utopies collectives <\/span><span dir=\"ltr\">au \u00ab\u00a0profit\u00a0\u00bb d&rsquo;un individualisme et d&rsquo;un mat\u00e9rialisme de plomb. Pour autant, apr\u00e8s ce \u00ab\u00a0grand <\/span><span dir=\"ltr\">cauchemar\u00a0\u00bb, on a vu se profiler \u00ab\u00a0un nouvel art de militer\u00a0\u00bb, avec des modalit\u00e9s d&rsquo;actions plus <\/span><span dir=\"ltr\">directes, plus ludiques et plus artistiques. <\/span><span dir=\"ltr\">M\u00eame si \u00ab\u00a0nos amis\u00a0\u00bb ne d\u00e9sesp\u00e8rent pas, finalement, aujourd&rsquo;hui, la seule r\u00e9volution en acte <\/span><span dir=\"ltr\">c&rsquo;est la \u00ab\u00a0r\u00e9volution \u00e9lectronique\u00a0\u00bb. Pour le reste, pour tout le reste, nous sommes pass\u00e9s de <\/span><span dir=\"ltr\">l&rsquo;offensive \u00e0 la d\u00e9fensive. Nous d\u00e9fendons des acquis, des droits, des zones&#8230; Certes, la politique <\/span><span dir=\"ltr\">est toujours une guerre, sociale, en l&rsquo;occurrence, mais le combat se fait de moins en moins <\/span><span dir=\"ltr\">frontalement. C&rsquo;est une guerre en mouvement, une guerre des flux. Le th\u00e9\u00e2tre des op\u00e9rations <\/span><span dir=\"ltr\">s&rsquo;est d\u00e9plac\u00e9, prolong\u00e9, dans le virtuel, entre simulacre et r\u00e9alit\u00e9 parfois. \u00c0 l&rsquo;image de notre <\/span><span dir=\"ltr\">monde technicis\u00e9. La politique \u2014 <\/span><span dir=\"ltr\">polis<\/span><span dir=\"ltr\">(cit\u00e9) et <\/span><span dir=\"ltr\">techn\u00ea <\/span><span dir=\"ltr\">(science) \u2014 n&rsquo;a jamais si bien port\u00e9 <\/span><span dir=\"ltr\">son nom.<\/span><span dir=\"ltr\">La \u00ab\u00a0constellation\u00a0\u00bb des analyses et portraits propos\u00e9s dans ce num\u00e9ro t\u00e9moigne de cette \u00ab\u00a0trans-<\/span><span dir=\"ltr\">figuration du politique\u00a0\u00bb. Et l&rsquo;on constate qu&rsquo;\u00e0 la fameuse question de la deuxi\u00e8me moiti\u00e9 <\/span><span dir=\"ltr\">du 20<\/span><span dir=\"ltr\">\u00e8me<\/span><span dir=\"ltr\">si\u00e8cle \u2014 comment faire de la po\u00e9sie apr\u00e8s les mille soleils d&rsquo;Hiroshima et la nuit <\/span><span dir=\"ltr\">des camps ? \u2014 se superposent d\u00e9sormais des questions d&rsquo;ordre tactique \u2014 comment exister <\/span><span dir=\"ltr\">et cr\u00e9er dans un monde num\u00e9ris\u00e9 ? \u2014, s&rsquo;\u00e9laborent des strat\u00e9gies de r\u00e9sistance face au L\u00e9viathan <\/span><span dir=\"ltr\">\u00e9lectronique qui \u00e9tend sa surveillance, son \u00ab\u00a0hyper-contr\u00f4le\u00a0\u00bb, sur l&rsquo;ensemble de la soci\u00e9t\u00e9. <\/span><span dir=\"ltr\">De ce point de vue, l&rsquo;artiste n&rsquo;est vraiment qu&rsquo;un citoyen comme un autre&#8230;<\/span><\/p>\n<p><span dir=\"ltr\">LAURENT DIOUF <\/span><\/p>\n<p><span dir=\"ltr\">R\u00c9DACTEUR EN CHEF<\/span><\/p>\n","protected":false},"featured_media":5936,"template":"","taxo-publication":[93],"class_list":["post-5935","publication","type-publication","status-publish","has-post-thumbnail","hentry","taxo-publication-revues"],"_links":{"self":[{"href":"https:\/\/www.espacemultimediagantner.cg90.net\/fr\/wp-json\/wp\/v2\/publication\/5935","targetHints":{"allow":["GET"]}}],"collection":[{"href":"https:\/\/www.espacemultimediagantner.cg90.net\/fr\/wp-json\/wp\/v2\/publication"}],"about":[{"href":"https:\/\/www.espacemultimediagantner.cg90.net\/fr\/wp-json\/wp\/v2\/types\/publication"}],"wp:featuredmedia":[{"embeddable":true,"href":"https:\/\/www.espacemultimediagantner.cg90.net\/fr\/wp-json\/wp\/v2\/media\/5936"}],"wp:attachment":[{"href":"https:\/\/www.espacemultimediagantner.cg90.net\/fr\/wp-json\/wp\/v2\/media?parent=5935"}],"wp:term":[{"taxonomy":"taxo-publication","embeddable":true,"href":"https:\/\/www.espacemultimediagantner.cg90.net\/fr\/wp-json\/wp\/v2\/taxo-publication?post=5935"}],"curies":[{"name":"wp","href":"https:\/\/api.w.org\/{rel}","templated":true}]}}

<p><span dir="ltr">LA POLITIQUE DE L&rsquo;ART</span></p>
<p><span dir="ltr">Puisqu&rsquo;il paraît que la politique est un art, intéressons-nous à la politique de l&rsquo;art. Ou plutôt </span><span dir="ltr">aux rapports troubles entre l&rsquo;art et </span><span dir="ltr">la </span><span dir="ltr">politique, </span><span dir="ltr">l</span><span dir="ltr">e politique, </span><span dir="ltr">les </span><span dir="ltr">politiques&#8230; En d&rsquo;autres termes,</span><span dir="ltr">aux intentions et implications des artistes dans le champ social. Une implication qui se fait </span><span dir="ltr">parfois au plus près de la vie quotidienne, avec une abnégation d&rsquo;établi, ou au contraire, en se </span><span dir="ltr">situant au-delà des radars, dans les limbes de réflexions abstraites ; ou bien encore en maniant </span><span dir="ltr">protestation symbolique et détournement ludique, en combinant des expériences esthétiques </span><span dir="ltr">à des logiques technologiques, en mêlant histoire personnelle et collective&#8230;</span><span dir="ltr">En ce début de siècle numérique, où les seules idéologies qui perdurent sont mortifères, comment </span><span dir="ltr">ne pas re-poser le questionnement sur l&rsquo;art engagé. Difficile cependant de ne pas mesurer cette </span><span dir="ltr">interrogation à l&rsquo;aune des flamboyantes années 70s porteuses d&rsquo;un militantisme échevelé </span><span dir="ltr">où tout semblait encore possible, puis aux années 80s, fossoyeuses des utopies collectives </span><span dir="ltr">au « profit » d&rsquo;un individualisme et d&rsquo;un matérialisme de plomb. Pour autant, après ce « grand </span><span dir="ltr">cauchemar », on a vu se profiler « un nouvel art de militer », avec des modalités d&rsquo;actions plus </span><span dir="ltr">directes, plus ludiques et plus artistiques. </span><span dir="ltr">Même si « nos amis » ne désespèrent pas, finalement, aujourd&rsquo;hui, la seule révolution en acte </span><span dir="ltr">c&rsquo;est la « révolution électronique ». Pour le reste, pour tout le reste, nous sommes passés de </span><span dir="ltr">l&rsquo;offensive à la défensive. Nous défendons des acquis, des droits, des zones&#8230; Certes, la politique </span><span dir="ltr">est toujours une guerre, sociale, en l&rsquo;occurrence, mais le combat se fait de moins en moins </span><span dir="ltr">frontalement. C&rsquo;est une guerre en mouvement, une guerre des flux. Le théâtre des opérations </span><span dir="ltr">s&rsquo;est déplacé, prolongé, dans le virtuel, entre simulacre et réalité parfois. À l&rsquo;image de notre </span><span dir="ltr">monde technicisé. La politique — </span><span dir="ltr">polis</span><span dir="ltr">(cité) et </span><span dir="ltr">technê </span><span dir="ltr">(science) — n&rsquo;a jamais si bien porté </span><span dir="ltr">son nom.</span><span dir="ltr">La « constellation » des analyses et portraits proposés dans ce numéro témoigne de cette « trans-</span><span dir="ltr">figuration du politique ». Et l&rsquo;on constate qu&rsquo;à la fameuse question de la deuxième moitié </span><span dir="ltr">du 20</span><span dir="ltr">ème</span><span dir="ltr">siècle — comment faire de la poésie après les mille soleils d&rsquo;Hiroshima et la nuit </span><span dir="ltr">des camps ? — se superposent désormais des questions d&rsquo;ordre tactique — comment exister </span><span dir="ltr">et créer dans un monde numérisé ? —, s&rsquo;élaborent des stratégies de résistance face au Léviathan </span><span dir="ltr">électronique qui étend sa surveillance, son « hyper-contrôle », sur l&rsquo;ensemble de la société. </span><span dir="ltr">De ce point de vue, l&rsquo;artiste n&rsquo;est vraiment qu&rsquo;un citoyen comme un autre&#8230;</span></p>
<p><span dir="ltr">LAURENT DIOUF </span></p>
<p><span dir="ltr">RÉDACTEUR EN CHEF</span></p>
