{"id":5901,"date":"2021-06-07T09:39:22","date_gmt":"2021-06-07T08:39:22","guid":{"rendered":"https:\/\/www.espacemultimediagantner.cg90.net\/?post_type=publication&#038;p=5901"},"modified":"2023-11-02T16:49:52","modified_gmt":"2023-11-02T15:49:52","slug":"arts-electroniques-les-artistes-hongrois-et-lordinateur","status":"publish","type":"publication","link":"https:\/\/www.espacemultimediagantner.cg90.net\/fr\/publication\/arts-electroniques-les-artistes-hongrois-et-lordinateur\/","title":{"rendered":"Arts ELectroniques : Les artistes hongrois et l&rsquo;ordinateur"},"content":{"rendered":"<p>Le projet remonte \u00e0 1988, bien avant les \u00e9v\u00e9nements r\u00e9cents que tous nous connais\u00adsons. Il s&rsquo;agissait alors &#8211; et cet objectif reste toujours d&rsquo;actualit\u00e9 &#8211; de montrer tout d&rsquo;abord comment de jeunes artistes plasticiens hongrois pouvaient s&rsquo;exprimer dans le domaine de la cr\u00e9ation utilisant l&rsquo;ordinateur avec des moyens techniques la plupart du temps tr\u00e8s r\u00e9duits compar\u00e9s \u00e0 ceux des pays occidentaux, en compensant cette situation de \u00ab\u00a0p\u00e9nurie\u00a0\u00bb par une cr\u00e9ativit\u00e9 et une originalit\u00e9 toutes particuli\u00e8res.<\/p>\n<p>Il s&rsquo;agit \u00e9galement de pr\u00e9senter, pour la premi\u00e8re fois en Europe de l&rsquo;Ouest, un ensemble de travaux de neuf jeunes artistes hongrois \u00ab\u00a0infographistes\u00a0\u00bb, ayant chacun son langage et sa forme propre, de montrer les lignes de force qui se d\u00e9gagent de leurs r\u00e9alisations et de mettre en \u00e9vidence des modes d&rsquo;expression et des pr\u00e9occupations sp\u00e9cifiques diff\u00e9rentes des n\u00f4tres.<\/p>\n<p>Cette exposition trouve tout naturellement sa place dans le cadre de la premi\u00e8re \u00e9dition de la FETE DE L&rsquo;IMAGE, manifestation r\u00e9alis\u00e9e \u00e0 l&rsquo;initiative des Caisses d&rsquo;Epargne du Nord &#8211; Pas de Calais et plac\u00e9e sous le double signe de la jeunesse et de l&rsquo;Europe. Fasse que d&rsquo;autres suivent cette voie et que les neuf artistes hongrois, tous pr\u00e9sents \u00e0 l&rsquo;inauguration de la FETE DE L&rsquo;IMAGE, se sentent totalement chez eux dans des pays qui leur ont \u00e9t\u00e9 trop longtemps d&rsquo;un acc\u00e8s difficile. Et fasse que les Europ\u00e9ens de l&rsquo;Ouest trouvent dans leur travail les \u00e9l\u00e9ments d&rsquo;un dialogue qui ne peut qu&rsquo;\u00eatre fructueux pour tous.<\/p>\n<p>Jo\u00ebl Boutteville<\/p>\n<p>D\u00e9l\u00e9gu\u00e9 g\u00e9n\u00e9ral de la F\u00eate de l&rsquo;Image<\/p>\n<p>Commissaire de l&rsquo;exposition<\/p>\n<p>&nbsp;<\/p>\n<p><em>This project dates back to 1988, well before the recent events we are all so familiar with. The idea then, which remains our objective today, was first of all to show how young Hungarian artists were able to express themselves and be creative with computers employing technical means far inferior to those used in the West, compensating for this shortage of equip\u00adment by bringing to bear quite exceptional creativity and originality. This also meant presenting, for the first time in Western Europe, a comprehensive body of work by nine young Hungarian computer graphics artists, each with his own form and language, indicating the lines of force which emanate from their pieces and bringing to light specific preocupations and modes of expression which are different to ours. This exhibition fits quite naturally into the framework of LA FETE DE L&rsquo;IMAGE (TheFestival of the Image), an event realized on initiative of the Caisses d&rsquo;Epargne of the Nord -Pas de Calais and whose two dominant themes are Youth and Europe. Let\u2019s hope others follow this route and may the nine Hungarian artists, who will all be there for the opening, feel totally at home in countries which for too long have been difficult for them to gain access to. And let\u2019s hope Western Europeans find in their work elements of a dialogue which can only prove fruitful to all.<\/em><\/p>\n<p><em>J-B.<\/em><\/p>\n","protected":false},"featured_media":5902,"template":"","taxo-publication":[94],"class_list":["post-5901","publication","type-publication","status-publish","has-post-thumbnail","hentry","taxo-publication-livres"],"_links":{"self":[{"href":"https:\/\/www.espacemultimediagantner.cg90.net\/fr\/wp-json\/wp\/v2\/publication\/5901","targetHints":{"allow":["GET"]}}],"collection":[{"href":"https:\/\/www.espacemultimediagantner.cg90.net\/fr\/wp-json\/wp\/v2\/publication"}],"about":[{"href":"https:\/\/www.espacemultimediagantner.cg90.net\/fr\/wp-json\/wp\/v2\/types\/publication"}],"wp:featuredmedia":[{"embeddable":true,"href":"https:\/\/www.espacemultimediagantner.cg90.net\/fr\/wp-json\/wp\/v2\/media\/5902"}],"wp:attachment":[{"href":"https:\/\/www.espacemultimediagantner.cg90.net\/fr\/wp-json\/wp\/v2\/media?parent=5901"}],"wp:term":[{"taxonomy":"taxo-publication","embeddable":true,"href":"https:\/\/www.espacemultimediagantner.cg90.net\/fr\/wp-json\/wp\/v2\/taxo-publication?post=5901"}],"curies":[{"name":"wp","href":"https:\/\/api.w.org\/{rel}","templated":true}]}}

<p>Le projet remonte à 1988, bien avant les événements récents que tous nous connais­sons. Il s&rsquo;agissait alors &#8211; et cet objectif reste toujours d&rsquo;actualité &#8211; de montrer tout d&rsquo;abord comment de jeunes artistes plasticiens hongrois pouvaient s&rsquo;exprimer dans le domaine de la création utilisant l&rsquo;ordinateur avec des moyens techniques la plupart du temps très réduits comparés à ceux des pays occidentaux, en compensant cette situation de « pénurie » par une créativité et une originalité toutes particulières.</p>
<p>Il s&rsquo;agit également de présenter, pour la première fois en Europe de l&rsquo;Ouest, un ensemble de travaux de neuf jeunes artistes hongrois « infographistes », ayant chacun son langage et sa forme propre, de montrer les lignes de force qui se dégagent de leurs réalisations et de mettre en évidence des modes d&rsquo;expression et des préoccupations spécifiques différentes des nôtres.</p>
<p>Cette exposition trouve tout naturellement sa place dans le cadre de la première édition de la FETE DE L&rsquo;IMAGE, manifestation réalisée à l&rsquo;initiative des Caisses d&rsquo;Epargne du Nord &#8211; Pas de Calais et placée sous le double signe de la jeunesse et de l&rsquo;Europe. Fasse que d&rsquo;autres suivent cette voie et que les neuf artistes hongrois, tous présents à l&rsquo;inauguration de la FETE DE L&rsquo;IMAGE, se sentent totalement chez eux dans des pays qui leur ont été trop longtemps d&rsquo;un accès difficile. Et fasse que les Européens de l&rsquo;Ouest trouvent dans leur travail les éléments d&rsquo;un dialogue qui ne peut qu&rsquo;être fructueux pour tous.</p>
<p>Joël Boutteville</p>
<p>Délégué général de la Fête de l&rsquo;Image</p>
<p>Commissaire de l&rsquo;exposition</p>
<p>&nbsp;</p>
<p><em>This project dates back to 1988, well before the recent events we are all so familiar with. The idea then, which remains our objective today, was first of all to show how young Hungarian artists were able to express themselves and be creative with computers employing technical means far inferior to those used in the West, compensating for this shortage of equip­ment by bringing to bear quite exceptional creativity and originality. This also meant presenting, for the first time in Western Europe, a comprehensive body of work by nine young Hungarian computer graphics artists, each with his own form and language, indicating the lines of force which emanate from their pieces and bringing to light specific preocupations and modes of expression which are different to ours. This exhibition fits quite naturally into the framework of LA FETE DE L&rsquo;IMAGE (TheFestival of the Image), an event realized on initiative of the Caisses d&rsquo;Epargne of the Nord -Pas de Calais and whose two dominant themes are Youth and Europe. Let’s hope others follow this route and may the nine Hungarian artists, who will all be there for the opening, feel totally at home in countries which for too long have been difficult for them to gain access to. And let’s hope Western Europeans find in their work elements of a dialogue which can only prove fruitful to all.</em></p>
<p><em>J-B.</em></p>
