{"id":540,"date":"2015-08-11T12:05:59","date_gmt":"2015-08-11T11:05:59","guid":{"rendered":"https:\/\/www.espacemultimediagantner.cg90.net\/?page_id=540"},"modified":"2023-09-08T14:27:17","modified_gmt":"2023-09-08T13:27:17","slug":"laboscolaire","status":"publish","type":"page","link":"https:\/\/www.espacemultimediagantner.cg90.net\/fr\/laboscolaire\/","title":{"rendered":"Laboscolaire"},"content":{"rendered":"<p><strong>Si vous souhaitez monter un projet, contactez :<\/strong><br \/>\n<a href=\"mailto:sophie.monesi@territoiredebelfort.fr\">sophie.monesi[at]territoiredebelfort.fr<\/a> (charg\u00e9e des publics)<\/p>\n<p>Sur cette plateforme, un r\u00e9sum\u00e9 de chaque projet (avec son, vid\u00e9o, visuels) est propos\u00e9 de 2008 \u00e0 2010. Depuis, les blogs ont pris le relai.<strong>Laboscolaire, c&rsquo;est aussi un blog<\/strong> o\u00f9 l&rsquo;on peut suivre les projets \u00e0 l&rsquo;ann\u00e9e :\u00a0 <a href=\"http:\/\/laboscolaire.communaute-emg.net\/\" target=\"_blank\" rel=\"noopener\">http:\/\/laboscolaire.communaute-emg.net\/<\/a><br \/>\net sa\u00a0page facebook : <a href=\"https:\/\/www.facebook.com\/Laboscolaire\">Laboscolaire<\/a>.<\/p>\n<p>Le son des coll\u00e8ges est un projet plus sp\u00e9cifique autour de la cr\u00e9ation radiophonique et l&rsquo;art sonore. Il a son propre blog-webradio : <a href=\"http:\/\/webradio.cg90.net\/\" target=\"_blank\" rel=\"noopener\">http:\/\/webradio.cg90.net\/<\/a><br \/>\net sa page Facebook : <a href=\"https:\/\/www.facebook.com\/Le-son-des-coll\u00e8ges-228053140543724\">Le son des coll\u00e8ges<\/a>.<\/p>\n<p>Le blog du coll\u00e8ge Ch\u00e2teaudun (Belfort), ce sont des travaux d&rsquo;\u00e9l\u00e8ves en arts plastiques et num\u00e9riques : <a href=\"http:\/\/college-chateaudun.communaute-emg.net\/\" target=\"_blank\" rel=\"noopener\">http:\/\/college-chateaudun.communaute-emg.net\/<\/a><\/p>\n<p><strong>Bonne exploration<\/strong>!<\/p>\n","protected":false},"excerpt":{"rendered":"Si vous souhaitez monter un projet, contactez : sophie.monesi[at]territoiredebelfort.fr (charg\u00e9e des publics) Sur cette plateforme, un r\u00e9sum\u00e9 de chaque projet (avec son, vid\u00e9o, visuels) est propos\u00e9 de 2008 \u00e0 2010. Depuis, les blogs ont pris le relai.Laboscolaire, c&rsquo;est aussi un blog o\u00f9 l&rsquo;on peut suivre les projets \u00e0 l&rsquo;ann\u00e9e :\u00a0 http:\/\/laboscolaire.communaute-emg.net\/ et sa\u00a0page facebook :&#8230;<br><span class=\"morePlus\">+<\/span>","protected":false},"author":5,"featured_media":0,"parent":0,"menu_order":0,"comment_status":"closed","ping_status":"closed","template":"laboscolaire.php","meta":{"footnotes":""},"class_list":["post-540","page","type-page","status-publish","hentry"],"_links":{"self":[{"href":"https:\/\/www.espacemultimediagantner.cg90.net\/fr\/wp-json\/wp\/v2\/pages\/540","targetHints":{"allow":["GET"]}}],"collection":[{"href":"https:\/\/www.espacemultimediagantner.cg90.net\/fr\/wp-json\/wp\/v2\/pages"}],"about":[{"href":"https:\/\/www.espacemultimediagantner.cg90.net\/fr\/wp-json\/wp\/v2\/types\/page"}],"author":[{"embeddable":true,"href":"https:\/\/www.espacemultimediagantner.cg90.net\/fr\/wp-json\/wp\/v2\/users\/5"}],"replies":[{"embeddable":true,"href":"https:\/\/www.espacemultimediagantner.cg90.net\/fr\/wp-json\/wp\/v2\/comments?post=540"}],"version-history":[{"count":12,"href":"https:\/\/www.espacemultimediagantner.cg90.net\/fr\/wp-json\/wp\/v2\/pages\/540\/revisions"}],"predecessor-version":[{"id":7383,"href":"https:\/\/www.espacemultimediagantner.cg90.net\/fr\/wp-json\/wp\/v2\/pages\/540\/revisions\/7383"}],"wp:attachment":[{"href":"https:\/\/www.espacemultimediagantner.cg90.net\/fr\/wp-json\/wp\/v2\/media?parent=540"}],"curies":[{"name":"wp","href":"https:\/\/api.w.org\/{rel}","templated":true}]}}

<p><strong>Si vous souhaitez monter un projet, contactez :</strong><br />
<a href="mailto:sophie.monesi@territoiredebelfort.fr">sophie.monesi[at]territoiredebelfort.fr</a> (chargée des publics)</p>
<p>Sur cette plateforme, un résumé de chaque projet (avec son, vidéo, visuels) est proposé de 2008 à 2010. Depuis, les blogs ont pris le relai.<strong>Laboscolaire, c&rsquo;est aussi un blog</strong> où l&rsquo;on peut suivre les projets à l&rsquo;année :  <a href="http://laboscolaire.communaute-emg.net/" target="_blank" rel="noopener">http://laboscolaire.communaute-emg.net/</a><br />
et sa page facebook : <a href="https://www.facebook.com/Laboscolaire">Laboscolaire</a>.</p>
<p>Le son des collèges est un projet plus spécifique autour de la création radiophonique et l&rsquo;art sonore. Il a son propre blog-webradio : <a href="http://webradio.cg90.net/" target="_blank" rel="noopener">http://webradio.cg90.net/</a><br />
et sa page Facebook : <a href="https://www.facebook.com/Le-son-des-collèges-228053140543724">Le son des collèges</a>.</p>
<p>Le blog du collège Châteaudun (Belfort), ce sont des travaux d&rsquo;élèves en arts plastiques et numériques : <a href="http://college-chateaudun.communaute-emg.net/" target="_blank" rel="noopener">http://college-chateaudun.communaute-emg.net/</a></p>
<p><strong>Bonne exploration</strong>!</p>

Si vous souhaitez monter un projet, contactez : sophie.monesi[at]territoiredebelfort.fr (chargée des publics) Sur cette plateforme, un résumé de chaque projet (avec son, vidéo, visuels) est proposé de 2008 à 2010. Depuis, les blogs ont pris le relai.Laboscolaire, c&rsquo;est aussi un blog où l&rsquo;on peut suivre les projets à l&rsquo;année :  http://laboscolaire.communaute-emg.net/ et sa page facebook :&#8230;<br><span class="morePlus">+</span>
